{"id":1416,"date":"2023-05-23T08:40:38","date_gmt":"2023-05-23T06:40:38","guid":{"rendered":"https:\/\/gocoppolapontedera.com\/?page_id=1416"},"modified":"2023-05-23T09:14:33","modified_gmt":"2023-05-23T07:14:33","slug":"privacy-policy-2","status":"publish","type":"page","link":"https:\/\/gocoppolapontedera.com\/index.php\/privacy-policy-2\/","title":{"rendered":""},"content":{"rendered":"\t\t<div data-elementor-type=\"wp-page\" data-elementor-id=\"1416\" class=\"elementor elementor-1416\">\n\t\t\t\t\t\t\t\t\t<section class=\"elementor-section elementor-top-section elementor-element elementor-element-dcc6564 elementor-section-boxed elementor-section-height-default elementor-section-height-default\" data-id=\"dcc6564\" data-element_type=\"section\">\n\t\t\t\t\t\t<div class=\"elementor-container elementor-column-gap-default\">\n\t\t\t\t\t<div class=\"elementor-column elementor-col-100 elementor-top-column elementor-element elementor-element-e62a0eb\" data-id=\"e62a0eb\" data-element_type=\"column\">\n\t\t\t<div class=\"elementor-widget-wrap elementor-element-populated\">\n\t\t\t\t\t\t\t\t<div class=\"elementor-element elementor-element-0278d5e elementor-widget__width-initial elementor-widget elementor-widget-text-editor\" data-id=\"0278d5e\" data-element_type=\"widget\" data-widget_type=\"text-editor.default\">\n\t\t\t\t<div class=\"elementor-widget-container\">\n\t\t\t<style>\/*! elementor - v3.12.2 - 23-04-2023 *\/\n.elementor-widget-text-editor.elementor-drop-cap-view-stacked .elementor-drop-cap{background-color:#69727d;color:#fff}.elementor-widget-text-editor.elementor-drop-cap-view-framed .elementor-drop-cap{color:#69727d;border:3px solid;background-color:transparent}.elementor-widget-text-editor:not(.elementor-drop-cap-view-default) .elementor-drop-cap{margin-top:8px}.elementor-widget-text-editor:not(.elementor-drop-cap-view-default) .elementor-drop-cap-letter{width:1em;height:1em}.elementor-widget-text-editor .elementor-drop-cap{float:left;text-align:center;line-height:1;font-size:50px}.elementor-widget-text-editor .elementor-drop-cap-letter{display:inline-block}<\/style>\t\t\t\t<p><b>Informativa Per Trattamento Di Dati Personali \u2013 Documento Informativo\u00a0<\/b><b>Ai Sensi E Per Gli Effetti Di Cui Agli Articoli 13-14 Del Gdpr (General Data Protection Regulation) 2016\/679<\/b><\/p><p><b>\u00a0<\/b><\/p><p><b>\u00a0<\/b><\/p><p><b>In osservanza al Reg CE 679\/16 (GDPR), siamo a fornirLe le dovute informazioni in ordine al trattamento dei dati personali da lei forniti. L\u2019informativa non \u00e8 da considerarsi valida per altri siti web eventualmente consultabili tramite links presenti sui siti internet a dominio del titolare, che non \u00e8 da considerarsi in alcun modo responsabile dei siti internet dei terzi.<\/b><\/p><p><b>1) Titolare, Responsabile E Luogo Del Trattamento<\/b><\/p><p><b><i>IL \u201cTITOLARE\u201d DEL TRATTAMENTO<\/i><\/b><\/p><p>Il titolare del trattamento \u00e8 SLF Parrucchieri S.R.L.S\u00a0\u2013 o nella persona del legale rappresentante pro-tempore.<\/p><p><b><i>LUOGO DI TRATTAMENTO DEI DATI<\/i><\/b><\/p><p>I trattamenti sono effettuati presso le sedi del Titolare del trattamento e presso le sedi di soggetti esterni individuati.<\/p><p><b>2) Tipi Di Dati Trattati<\/b><\/p><p><b><i>Dati personali e di navigazione<\/i><\/b><\/p><p>\u00abdato personale\u00bb: qualsiasi informazione riguardante una persona fisica identificata o identificabile (\u00abinteressato\u00bb); si considera identificabile la persona fisica che pu\u00f2 essere identificata, direttamente o indirettamente, con particolare riferimento a un identificativo come il nome, un numero di identificazione, dati relativi all\u2019ubicazione, un identificativo online o a uno o pi\u00f9 elementi caratteristici della sua identit\u00e0 fisica, fisiologica, genetica, psichica, economica, culturale o sociale;<\/p><p><b><i>Dati di navigazione<\/i><\/b><\/p><p>I sistemi informatici e le procedure software preposte al funzionamento di questo sito web acquisiscono, nel corso del loro normale esercizio, alcuni dati personali la cui trasmissione \u00e8 implicita nell\u2019uso dei protocolli di comunicazione di Internet.<br \/>Si tratta di informazioni che non sono raccolte per essere associate a interessati identificati, ma che per loro stessa natura potrebbero, attraverso elaborazioni ed associazioni con dati detenuti da terzi, permettere di identificare gli utenti.<br \/>In questa categoria di dati rientrano gli indirizzi IP o i nomi a dominio dei computer utilizzati dagli utenti che si connettono al sito, gli indirizzi in notazione URI (Uniform Resource Identifier) delle risorse richieste, l\u2019orario della richiesta, il metodo utilizzato nel sottoporre la richiesta al server, la dimensione del file ottenuto in risposta, il codice numerico indicante lo stato della risposta data dal server (buon fine, errore, ecc.) ed altri parametri relativi al sistema operativo e all\u2019ambiente informatico dell\u2019utente.<\/p><p><b><i>Dati forniti volontariamente dall\u2019utente<\/i><\/b><\/p><p>L\u2019invio facoltativo, esplicito e volontario di posta elettronica agli indirizzi indicati su questo sito e\/o la compilazione di form di raccolta dati, comporta la successiva acquisizione dell\u2019indirizzo del mittente, necessario per rispondere alle richieste, nonch\u00e9 degli eventuali altri dati personali inseriti.<\/p><p><b><i>Cookies<\/i><\/b><\/p><p>Si veda la cookies policy alla seguente pagina:\u00a0<a href=\"https:\/\/www.gocoppola.com\/cookies-policy\/\">Cookie Policy<\/a><\/p><p><b>3) Finalit\u00e0 Del Trattamento Per Le Quali Si Concede Consenso Laddove Richiesto (Art. 6 Gdpr)<\/b><\/p><p><b>A)<\/b>\u00a0I dati di natura personale, volontariamente forniti saranno oggetto di trattamento per le seguenti finalit\u00e0:<\/p><ul><li>navigazione sul presente sito internet;<\/li><li>eventuale compilazione di form di raccolta dati per richieste di preventivo e\/o contatti e\/o invio candidature;<\/li><li>eventuale compilazione di form di raccolta dati per booking on-line;<\/li><li>attivit\u00e0 amministrativo-contabili in genere.<\/li><\/ul><p>Ai fini dell\u2019applicazione delle disposizioni in materia di protezione dei dati personali, i trattamenti effettuati per finalit\u00e0 amministrativo-contabili sono quelli connessi allo svolgimento delle attivit\u00e0 di natura organizzativa, amministrativa, finanziaria e contabile, a prescindere dalla natura dei dati trattati. In particolare, perseguono tali finalit\u00e0 le attivit\u00e0 organizzative interne, quelle funzionali all\u2019adempimento di obblighi contrattuali e precontrattuali, attivit\u00e0 informativa.<\/p><p><b>B)<\/b>\u00a0I dati personali forniti nella compilazione dei form di raccolta dati presenti nei siti web o moduli di raccolta dati in genere (quali nome, cognome, indirizzo e-mail) saranno trattati, previo consenso, dal Titolare e dai Responsabili del trattamento per attivit\u00e0 di natura promozionale commerciale e newsletters via e-mail.<\/p><p><b>4) Modalit\u00e0 Del Trattamento \u2013 Conservazione<\/b><\/p><p>Il trattamento sar\u00e0 svolto in forma automatizzata e manuale, con modalit\u00e0 e strumenti volti a garantire la massima sicurezza e riservatezza, ad opera di soggetti di ci\u00f2 appositamente incaricati in ottemperanza a quanto previsto dagli artt. 13-14 del GDPR. I dati saranno conservati per un periodo non superiore agli scopi per i quali i dati sono stati raccolti e successivamente trattati.<\/p><p><b>5) Ambito Di Comunicazione E Diffusione<\/b><\/p><p>I Suoi dati, oggetto del trattamento, non saranno diffusi e potranno essere comunicati a societ\u00e0 contrattualmente legate a SLF Parrucchieri\u00a0 S.r.l.s al fine di ottemperare ai contratti o finalit\u00e0 connesse. I dati potranno essere comunicati a terzi appartenenti alle seguenti categorie:<\/p><ul><li>soggetti che forniscono servizi per la gestione del sistema informativo usato da SLF Parrucchieri S.r.l.s e delle reti di telecomunicazioni;<\/li><li>studi o societ\u00e0 nell\u2019ambito di rapporti di assistenza e consulenza;<\/li><li>autorit\u00e0 competenti per adempimenti di obblighi di leggi e\/o di disposizioni di organi pubblici, su richiesta.<\/li><\/ul><p>I soggetti appartenenti alle categorie suddette svolgono la funzione di Responsabile del trattamento dei dati, oppure operano in totale autonomia come distinti Titolari del trattamento.\u00a0<\/p><p><b>6) Natura Del Conferimento E Rifiuto<\/b><\/p><p>A parte quanto specificato per i dati di navigazione, l\u2019utente \u00e8 libero di fornire i dati personali. Il conferimento dei dati per le finalit\u00e0 di cui al punto A) \u00e8 necessario. L\u2019eventuale rifiuto del conferimento dei dati per le finalit\u00e0 al punto A) comporta l\u2019impossibilit\u00e0 di ottenere quanto richiesto o per usufruire dei servizi del Titolare del trattamento. Il conferimento del consenso al trattamento dei dati per le finalit\u00e0 di cui al punto B), \u00e8 facoltativo. L\u2019eventuale rifiuto del consenso per le finalit\u00e0 illustrate nel punto B), non produrr\u00e0 alcuna negativa per le finalit\u00e0 di cui al punto A).<\/p><p><b>7) Diritti Degli Interessati<\/b><\/p><p>Lei potr\u00e0 far valere i propri diritti come espressi dagli art. 12-23 rivolgendosi al titolare, oppure al responsabile del trattamento, contattando la ns. sede al numero di telefono Company Tel , oppure inviando una mail all\u2019indirizzo go.pontedera@gocoppola.com.<\/p><p>Nella sua qualit\u00e0 di interessato, avete i diritti di cui all\u2019art.15 GDPR e precisamente i diritti di:<\/p><ul><li>ottenere la conferma dell\u2019esistenza o meno di dati personali che Vi riguardano, anche se non ancora registrati, e la loro comunicazione in forma intelligibile;<\/li><li>ottenere l\u2019indicazione:<ul><li>a) dell\u2019origine dei dati personali;<\/li><li>b) delle finalit\u00e0 e modalit\u00e0 del trattamento;<\/li><li>c) della logica applicata in caso di trattamento effettuato con l\u2019ausilio di strumenti elettronici;<\/li><li>d) degli estremi identificativi del titolare, dei responsabili e del rappresentante designato ai sensi dell\u2019art. 5, comma 2 Codice Privacy e art. 3, comma 1, GDPR;<\/li><li>e) dei soggetti o delle categorie di soggetti ai quali i dati personali possono essere comunicati o che possono venirne a conoscenza in qualit\u00e0 di rappresentante designato nel territorio dello Stato, di responsabili o incaricati;<\/li><\/ul><\/li><li>ottenere:<ul><li>l\u2019aggiornamento, la rettificazione ovvero l\u2019integrazione dei dati;<\/li><li>la cancellazione, la trasformazione in forma anonima o il blocco dei dati trattati in violazione di legge, compresi quelli di cui non \u00e8 necessaria la conservazione in relazione agli scopi per i quali i dati sono stati raccolti o successivamente trattati;<\/li><li>l\u2019attestazione che le operazioni di cui alle lettere a) e b) sono state portate a conoscenza, anche per quanto riguarda il loro contenuto, di coloro ai quali i dati sono stati comunicati o diffusi, eccettuato il caso in cui tale adempimento si rivela impossibile o comporta un impiego di mezzi manifestamente sproporzionato rispetto al diritto tutelato;<\/li><\/ul><\/li><li>opporsi, in tutto o in parte:<ul><li>a) per motivi legittimi al trattamento dei dati personali che Vi riguardano, ancorch\u00e9 pertinenti allo scopo della raccolta;<\/li><li>b) al trattamento di dati personali che Vi riguardano a fini di invio di materiale pubblicitario o di vendita diretta o per il compimento di ricerche di mercato o di comunicazione commerciale, mediante l\u2019uso di sistemi automatizzati di chiamata senza l\u2019intervento di un operatore mediante e-mail e\/o mediante modalit\u00e0 di marketing tradizionali mediante telefono e\/o posta cartacea.<\/li><\/ul><\/li><\/ul><p>Ove applicabili, avrete altres\u00ec i diritti di cui agli artt. 16-21 GDPR (Diritto di rettifica, diritto all\u2019oblio, diritto di limitazione di trattamento, diritto alla portabilit\u00e0 dei dati, diritto di opposizione), nonch\u00e9 il diritto di reclamo all\u2019Autorit\u00e0 Garante. In qualsiasi momento potrete ottenere conferma dell\u2019esistenza o meno di dati personali che Vi riguardano e la comunicazione di tali dati e delle finalit\u00e0 su cui si basa il trattamento. Inoltre, potrete ottenere la cancellazione, la trasformazione in forma anonima o il blocco dei dati trattati in violazione di legge, nonch\u00e9 l\u2019aggiornamento, la rettificazione o, qualora sussista un Vostro interesse in merito, l\u2019integrazione dei dati. Potrete opporvi, per motivi legittimi, al trattamento stesso.<\/p><p><b>8) Modifiche All\u2019informativa Sulla Privacy<\/b><\/p><p>Il titolare si riserva il diritto di modificare, aggiornare, aggiungere o rimuovere parti della presente informativa sulla privacy a propria discrezione e in qualsiasi momento. La persona interessata \u00e8 tenuta a verificare periodicamente le eventuali modifiche. Al fine di facilitare tale verifica l\u2019informativa conterr\u00e0 l\u2019indicazione della data di aggiornamento dell\u2019informativa. L\u2019utilizzo del sito, dopo la pubblicazione delle modifiche, costituir\u00e0 accettazione delle stesse.<\/p><p><b>9) Social Plug-In<\/b><\/p><p>Le nostre pagine web potrebbero contenere plug-in dei Social Networks (es. FaceBook.com, gestito da Facebook Inc., 1601 S. California Ave, Palo Alto, CA 94304, Stati Uniti (\u201cFacebook\u201d). Se si accede a una delle nostre pagine web dotata di un simile plug-in, il browser internet si collega direttamente al social e il plug-in viene visualizzato sullo schermo grazie alla connessione con il browser. Prima dell\u2019utilizzo di tali Plug-in ti invitiamo a consultare la politica privacy degli stessi social networks, sulle loro pagine ufficiali.<\/p>\t\t\t\t\t\t<\/div>\n\t\t\t\t<\/div>\n\t\t\t\t\t<\/div>\n\t\t<\/div>\n\t\t\t\t\t\t\t<\/div>\n\t\t<\/section>\n\t\t\t\t\t\t\t<\/div>\n\t\t","protected":false},"excerpt":{"rendered":"<p>Informativa Per Trattamento Di Dati Personali \u2013 Documento Informativo\u00a0Ai Sensi E Per Gli Effetti Di Cui Agli Articoli 13-14 Del Gdpr (General Data Protection Regulation) 2016\/679 \u00a0 \u00a0 In osservanza al Reg CE 679\/16 (GDPR), siamo a fornirLe le dovute informazioni in ordine al trattamento dei dati personali da lei forniti. L\u2019informativa non \u00e8 da [&hellip;]<\/p>\n","protected":false},"author":1,"featured_media":0,"parent":0,"menu_order":0,"comment_status":"closed","ping_status":"closed","template":"","meta":[],"_links":{"self":[{"href":"https:\/\/gocoppolapontedera.com\/index.php\/wp-json\/wp\/v2\/pages\/1416"}],"collection":[{"href":"https:\/\/gocoppolapontedera.com\/index.php\/wp-json\/wp\/v2\/pages"}],"about":[{"href":"https:\/\/gocoppolapontedera.com\/index.php\/wp-json\/wp\/v2\/types\/page"}],"author":[{"embeddable":true,"href":"https:\/\/gocoppolapontedera.com\/index.php\/wp-json\/wp\/v2\/users\/1"}],"replies":[{"embeddable":true,"href":"https:\/\/gocoppolapontedera.com\/index.php\/wp-json\/wp\/v2\/comments?post=1416"}],"version-history":[{"count":20,"href":"https:\/\/gocoppolapontedera.com\/index.php\/wp-json\/wp\/v2\/pages\/1416\/revisions"}],"predecessor-version":[{"id":1446,"href":"https:\/\/gocoppolapontedera.com\/index.php\/wp-json\/wp\/v2\/pages\/1416\/revisions\/1446"}],"wp:attachment":[{"href":"https:\/\/gocoppolapontedera.com\/index.php\/wp-json\/wp\/v2\/media?parent=1416"}],"curies":[{"name":"wp","href":"https:\/\/api.w.org\/{rel}","templated":true}]}}

<div data-elementor-type="wp-page" data-elementor-id="1416" class="elementor elementor-1416">
									<section class="elementor-section elementor-top-section elementor-element elementor-element-dcc6564 elementor-section-boxed elementor-section-height-default elementor-section-height-default" data-id="dcc6564" data-element_type="section">
						<div class="elementor-container elementor-column-gap-default">
					<div class="elementor-column elementor-col-100 elementor-top-column elementor-element elementor-element-e62a0eb" data-id="e62a0eb" data-element_type="column">
			<div class="elementor-widget-wrap elementor-element-populated">
								<div class="elementor-element elementor-element-0278d5e elementor-widget__width-initial elementor-widget elementor-widget-text-editor" data-id="0278d5e" data-element_type="widget" data-widget_type="text-editor.default">
				<div class="elementor-widget-container">
			<style>/*! elementor - v3.12.2 - 23-04-2023 */
.elementor-widget-text-editor.elementor-drop-cap-view-stacked .elementor-drop-cap{background-color:#69727d;color:#fff}.elementor-widget-text-editor.elementor-drop-cap-view-framed .elementor-drop-cap{color:#69727d;border:3px solid;background-color:transparent}.elementor-widget-text-editor:not(.elementor-drop-cap-view-default) .elementor-drop-cap{margin-top:8px}.elementor-widget-text-editor:not(.elementor-drop-cap-view-default) .elementor-drop-cap-letter{width:1em;height:1em}.elementor-widget-text-editor .elementor-drop-cap{float:left;text-align:center;line-height:1;font-size:50px}.elementor-widget-text-editor .elementor-drop-cap-letter{display:inline-block}</style>				<p><b>Informativa Per Trattamento Di Dati Personali – Documento Informativo </b><b>Ai Sensi E Per Gli Effetti Di Cui Agli Articoli 13-14 Del Gdpr (General Data Protection Regulation) 2016/679</b></p><p><b> </b></p><p><b> </b></p><p><b>In osservanza al Reg CE 679/16 (GDPR), siamo a fornirLe le dovute informazioni in ordine al trattamento dei dati personali da lei forniti. L’informativa non è da considerarsi valida per altri siti web eventualmente consultabili tramite links presenti sui siti internet a dominio del titolare, che non è da considerarsi in alcun modo responsabile dei siti internet dei terzi.</b></p><p><b>1) Titolare, Responsabile E Luogo Del Trattamento</b></p><p><b><i>IL “TITOLARE” DEL TRATTAMENTO</i></b></p><p>Il titolare del trattamento è SLF Parrucchieri S.R.L.S – o nella persona del legale rappresentante pro-tempore.</p><p><b><i>LUOGO DI TRATTAMENTO DEI DATI</i></b></p><p>I trattamenti sono effettuati presso le sedi del Titolare del trattamento e presso le sedi di soggetti esterni individuati.</p><p><b>2) Tipi Di Dati Trattati</b></p><p><b><i>Dati personali e di navigazione</i></b></p><p>«dato personale»: qualsiasi informazione riguardante una persona fisica identificata o identificabile («interessato»); si considera identificabile la persona fisica che può essere identificata, direttamente o indirettamente, con particolare riferimento a un identificativo come il nome, un numero di identificazione, dati relativi all’ubicazione, un identificativo online o a uno o più elementi caratteristici della sua identità fisica, fisiologica, genetica, psichica, economica, culturale o sociale;</p><p><b><i>Dati di navigazione</i></b></p><p>I sistemi informatici e le procedure software preposte al funzionamento di questo sito web acquisiscono, nel corso del loro normale esercizio, alcuni dati personali la cui trasmissione è implicita nell’uso dei protocolli di comunicazione di Internet.<br />Si tratta di informazioni che non sono raccolte per essere associate a interessati identificati, ma che per loro stessa natura potrebbero, attraverso elaborazioni ed associazioni con dati detenuti da terzi, permettere di identificare gli utenti.<br />In questa categoria di dati rientrano gli indirizzi IP o i nomi a dominio dei computer utilizzati dagli utenti che si connettono al sito, gli indirizzi in notazione URI (Uniform Resource Identifier) delle risorse richieste, l’orario della richiesta, il metodo utilizzato nel sottoporre la richiesta al server, la dimensione del file ottenuto in risposta, il codice numerico indicante lo stato della risposta data dal server (buon fine, errore, ecc.) ed altri parametri relativi al sistema operativo e all’ambiente informatico dell’utente.</p><p><b><i>Dati forniti volontariamente dall’utente</i></b></p><p>L’invio facoltativo, esplicito e volontario di posta elettronica agli indirizzi indicati su questo sito e/o la compilazione di form di raccolta dati, comporta la successiva acquisizione dell’indirizzo del mittente, necessario per rispondere alle richieste, nonché degli eventuali altri dati personali inseriti.</p><p><b><i>Cookies</i></b></p><p>Si veda la cookies policy alla seguente pagina: <a href="https://www.gocoppola.com/cookies-policy/">Cookie Policy</a></p><p><b>3) Finalità Del Trattamento Per Le Quali Si Concede Consenso Laddove Richiesto (Art. 6 Gdpr)</b></p><p><b>A)</b> I dati di natura personale, volontariamente forniti saranno oggetto di trattamento per le seguenti finalità:</p><ul><li>navigazione sul presente sito internet;</li><li>eventuale compilazione di form di raccolta dati per richieste di preventivo e/o contatti e/o invio candidature;</li><li>eventuale compilazione di form di raccolta dati per booking on-line;</li><li>attività amministrativo-contabili in genere.</li></ul><p>Ai fini dell’applicazione delle disposizioni in materia di protezione dei dati personali, i trattamenti effettuati per finalità amministrativo-contabili sono quelli connessi allo svolgimento delle attività di natura organizzativa, amministrativa, finanziaria e contabile, a prescindere dalla natura dei dati trattati. In particolare, perseguono tali finalità le attività organizzative interne, quelle funzionali all’adempimento di obblighi contrattuali e precontrattuali, attività informativa.</p><p><b>B)</b> I dati personali forniti nella compilazione dei form di raccolta dati presenti nei siti web o moduli di raccolta dati in genere (quali nome, cognome, indirizzo e-mail) saranno trattati, previo consenso, dal Titolare e dai Responsabili del trattamento per attività di natura promozionale commerciale e newsletters via e-mail.</p><p><b>4) Modalità Del Trattamento – Conservazione</b></p><p>Il trattamento sarà svolto in forma automatizzata e manuale, con modalità e strumenti volti a garantire la massima sicurezza e riservatezza, ad opera di soggetti di ciò appositamente incaricati in ottemperanza a quanto previsto dagli artt. 13-14 del GDPR. I dati saranno conservati per un periodo non superiore agli scopi per i quali i dati sono stati raccolti e successivamente trattati.</p><p><b>5) Ambito Di Comunicazione E Diffusione</b></p><p>I Suoi dati, oggetto del trattamento, non saranno diffusi e potranno essere comunicati a società contrattualmente legate a SLF Parrucchieri  S.r.l.s al fine di ottemperare ai contratti o finalità connesse. I dati potranno essere comunicati a terzi appartenenti alle seguenti categorie:</p><ul><li>soggetti che forniscono servizi per la gestione del sistema informativo usato da SLF Parrucchieri S.r.l.s e delle reti di telecomunicazioni;</li><li>studi o società nell’ambito di rapporti di assistenza e consulenza;</li><li>autorità competenti per adempimenti di obblighi di leggi e/o di disposizioni di organi pubblici, su richiesta.</li></ul><p>I soggetti appartenenti alle categorie suddette svolgono la funzione di Responsabile del trattamento dei dati, oppure operano in totale autonomia come distinti Titolari del trattamento. </p><p><b>6) Natura Del Conferimento E Rifiuto</b></p><p>A parte quanto specificato per i dati di navigazione, l’utente è libero di fornire i dati personali. Il conferimento dei dati per le finalità di cui al punto A) è necessario. L’eventuale rifiuto del conferimento dei dati per le finalità al punto A) comporta l’impossibilità di ottenere quanto richiesto o per usufruire dei servizi del Titolare del trattamento. Il conferimento del consenso al trattamento dei dati per le finalità di cui al punto B), è facoltativo. L’eventuale rifiuto del consenso per le finalità illustrate nel punto B), non produrrà alcuna negativa per le finalità di cui al punto A).</p><p><b>7) Diritti Degli Interessati</b></p><p>Lei potrà far valere i propri diritti come espressi dagli art. 12-23 rivolgendosi al titolare, oppure al responsabile del trattamento, contattando la ns. sede al numero di telefono Company Tel , oppure inviando una mail all’indirizzo go.pontedera@gocoppola.com.</p><p>Nella sua qualità di interessato, avete i diritti di cui all’art.15 GDPR e precisamente i diritti di:</p><ul><li>ottenere la conferma dell’esistenza o meno di dati personali che Vi riguardano, anche se non ancora registrati, e la loro comunicazione in forma intelligibile;</li><li>ottenere l’indicazione:<ul><li>a) dell’origine dei dati personali;</li><li>b) delle finalità e modalità del trattamento;</li><li>c) della logica applicata in caso di trattamento effettuato con l’ausilio di strumenti elettronici;</li><li>d) degli estremi identificativi del titolare, dei responsabili e del rappresentante designato ai sensi dell’art. 5, comma 2 Codice Privacy e art. 3, comma 1, GDPR;</li><li>e) dei soggetti o delle categorie di soggetti ai quali i dati personali possono essere comunicati o che possono venirne a conoscenza in qualità di rappresentante designato nel territorio dello Stato, di responsabili o incaricati;</li></ul></li><li>ottenere:<ul><li>l’aggiornamento, la rettificazione ovvero l’integrazione dei dati;</li><li>la cancellazione, la trasformazione in forma anonima o il blocco dei dati trattati in violazione di legge, compresi quelli di cui non è necessaria la conservazione in relazione agli scopi per i quali i dati sono stati raccolti o successivamente trattati;</li><li>l’attestazione che le operazioni di cui alle lettere a) e b) sono state portate a conoscenza, anche per quanto riguarda il loro contenuto, di coloro ai quali i dati sono stati comunicati o diffusi, eccettuato il caso in cui tale adempimento si rivela impossibile o comporta un impiego di mezzi manifestamente sproporzionato rispetto al diritto tutelato;</li></ul></li><li>opporsi, in tutto o in parte:<ul><li>a) per motivi legittimi al trattamento dei dati personali che Vi riguardano, ancorché pertinenti allo scopo della raccolta;</li><li>b) al trattamento di dati personali che Vi riguardano a fini di invio di materiale pubblicitario o di vendita diretta o per il compimento di ricerche di mercato o di comunicazione commerciale, mediante l’uso di sistemi automatizzati di chiamata senza l’intervento di un operatore mediante e-mail e/o mediante modalità di marketing tradizionali mediante telefono e/o posta cartacea.</li></ul></li></ul><p>Ove applicabili, avrete altresì i diritti di cui agli artt. 16-21 GDPR (Diritto di rettifica, diritto all’oblio, diritto di limitazione di trattamento, diritto alla portabilità dei dati, diritto di opposizione), nonché il diritto di reclamo all’Autorità Garante. In qualsiasi momento potrete ottenere conferma dell’esistenza o meno di dati personali che Vi riguardano e la comunicazione di tali dati e delle finalità su cui si basa il trattamento. Inoltre, potrete ottenere la cancellazione, la trasformazione in forma anonima o il blocco dei dati trattati in violazione di legge, nonché l’aggiornamento, la rettificazione o, qualora sussista un Vostro interesse in merito, l’integrazione dei dati. Potrete opporvi, per motivi legittimi, al trattamento stesso.</p><p><b>8) Modifiche All’informativa Sulla Privacy</b></p><p>Il titolare si riserva il diritto di modificare, aggiornare, aggiungere o rimuovere parti della presente informativa sulla privacy a propria discrezione e in qualsiasi momento. La persona interessata è tenuta a verificare periodicamente le eventuali modifiche. Al fine di facilitare tale verifica l’informativa conterrà l’indicazione della data di aggiornamento dell’informativa. L’utilizzo del sito, dopo la pubblicazione delle modifiche, costituirà accettazione delle stesse.</p><p><b>9) Social Plug-In</b></p><p>Le nostre pagine web potrebbero contenere plug-in dei Social Networks (es. FaceBook.com, gestito da Facebook Inc., 1601 S. California Ave, Palo Alto, CA 94304, Stati Uniti (“Facebook”). Se si accede a una delle nostre pagine web dotata di un simile plug-in, il browser internet si collega direttamente al social e il plug-in viene visualizzato sullo schermo grazie alla connessione con il browser. Prima dell’utilizzo di tali Plug-in ti invitiamo a consultare la politica privacy degli stessi social networks, sulle loro pagine ufficiali.</p>						</div>
				</div>
					</div>
		</div>
							</div>
		</section>
							</div>

<p>Informativa Per Trattamento Di Dati Personali – Documento Informativo Ai Sensi E Per Gli Effetti Di Cui Agli Articoli 13-14 Del Gdpr (General Data Protection Regulation) 2016/679     In osservanza al Reg CE 679/16 (GDPR), siamo a fornirLe le dovute informazioni in ordine al trattamento dei dati personali da lei forniti. L’informativa non è da [&hellip;]</p>
